{"id":505,"date":"2026-07-17T10:52:43","date_gmt":"2026-07-17T10:52:43","guid":{"rendered":"https:\/\/www.slanskevrchy.com\/?post_type=poi&#038;p=505"},"modified":"2026-07-17T10:52:43","modified_gmt":"2026-07-17T10:52:43","slug":"sosovsky-kastiel","status":"publish","type":"poi","link":"https:\/\/www.slanskevrchy.com\/en\/poi\/sosovsky-kastiel\/","title":{"rendered":"\u0160\u00f3\u0161ovsk\u00fd Manor House"},"content":{"rendered":"<p>The salt spring in what is now Solivar was already in use as early as 1223 and, owing to its value, constituted a significant asset. In 1288, King Ladislaus IV of Hungary bestowed it upon the nobleman Juraj, whose descendants began to use the name&nbsp;<strong>The \u0160\u00f3\u0161ov family<\/strong>.<\/p>\n\n\n\n<p>Their estates stretched from Torysa through&nbsp;<a href=\"https:\/\/www.slanskevrchy.com\/en\/\">Slansk\u00e9 vrchy<\/a>&nbsp;as far as the River Top\u013ea. In 1346, a court confirmed their claim to part of the territory of today\u2019s&nbsp;<a href=\"https:\/\/www.regionsaris.sk\/lokalita\/hanusovce-nad-toplou-a-okolie\/\">Hanu\u0161ovce nad Top\u013eou<\/a>, which had already been granted town status in 1332.<\/p>\n\n\n\n<p><strong>The small manor house in Hanu\u0161ovce nad Top\u013eou<\/strong>&nbsp;It had been the property and ancestral seat of the \u0160\u00f3\u0161ovci family of So\u013enobansk\u00e1 for at least since 1564; after 1592, it became the family\u2019s sole ancestral seat following the destruction of the castle above So\u013en\u00e1 Ba\u0148a.<\/p>\n\n\n\n<h2 class=\"wp-block-heading\">The appearance of the manor house<\/h2>\n\n\n\n<p>It was built as a two-storey block structure exhibiting all the architectural features of the period (layout, stonework and sgraffito decoration) typical of a stately aristocratic residence intended as a home for the landowner and his family. At the time of its construction, the manor house was finished with smooth lime plaster featuring typical corner leaf sgraffito.&nbsp;<\/p>\n\n\n\n<p>Moulded stone jambs were fitted into the window openings, and in the main entrance there is a stone portal in the lintel bearing the inscription:&nbsp;<strong>STEPHANUS School Association, Year 1564<\/strong>. The stone sections were later removed and reused as building material. Following the outbreak of the anti-Habsburg uprisings in Hungary in the early 17th century, a circular tower was added to the southern corner of the manor house to enhance its defences. The construction of the tower transformed the manor house into a residential and defensive residence. Over the course of the 17th century, its residential function came to take precedence over its fortification function. The embrasures, as a defensive feature, have not been preserved. Later, alterations were made to the window openings and the stucco decoration of the vaults. The stucco decoration of the vaults has been preserved in its entirety on the first floor.<\/p>\n\n\n\n<p>The manor house took on its final Renaissance appearance at the end of the 17th century. In the period that followed, the De\u017e\u00f6fi family, amongst others, emerged as the owners of the estates in Hanu\u0161ovce nad Top\u013eou; they built a house on a hill not far from the Small Manor House&nbsp;<a href=\"https:\/\/www.regionsaris.sk\/historia\/kastiel-hanusovce-nad-toplou\/\">a new Baroque manor house<\/a>&nbsp;with Renaissance features. It is said that the farm building next to the Small Manor House was used as the caretaker\u2019s flat for the new manor house.&nbsp;<\/p>\n\n\n\n<p>Given that the new landowners of Hanu\u0161ovce nad Top\u013eou lived in a new, much more stately manor house, and that the building adjoining the Small Manor House had been converted into the steward\u2019s residence, it can be assumed that the so-called \u2018Small Manor House\u2019 was also intended at that time for more minor, perhaps farm-related, or possibly residential purposes, though clearly not for the accommodation of members of the landowning family.<\/p>\n\n\n\n<p>Until 1711 \u2013 the year of the death of a nobleman named \u201eJoan de So\u00f3so\u201c \u2013 the manor house probably also housed the \u0160\u00f3\u0161ov family archives. The aforementioned Joan, known as J\u00e1n in Slovak, has been buried since 1711 beneath the floor of what is now the Roman Catholic church in Hanu\u0161ovce nad Top\u013eou, approximately 50 metres from his manor house. This is indicated by a Latin inscription carved into a stone slab.<\/p>\n\n\n\n<p>Today, \u0160\u00f3\u0161ovsky Manor (the Small Manor) is used for cultural and social activities, as a library and gallery, and as a small concert hall.<\/p>\n\n\n\n<p>\u0160\u00f3\u0161ovsk\u00fd Manor House is part of&nbsp;<a href=\"https:\/\/www.sarisskahradnacesta.sk\/\">The Castle Roads of \u0160ari\u0161<\/a><\/p>\n\n\n\n<p>Source: The Town of Hanu\u0161ovce nad Top\u013eou<br>Photo source:OOCR R\u0160<\/p>","protected":false},"featured_media":506,"template":"","meta":{"_acf_changed":true},"kategoria-poi":[42,41,16],"lokalita":[],"sezona-poi":[30],"class_list":["post-505","poi","type-poi","status-publish","has-post-thumbnail","hentry","kategoria-poi-historia","kategoria-poi-kastiel","kategoria-poi-kultura-a-umeniemuzea","sezona-poi-celorocne"],"acf":[],"_links":{"self":[{"href":"https:\/\/www.slanskevrchy.com\/en\/wp-json\/wp\/v2\/poi\/505","targetHints":{"allow":["GET"]}}],"collection":[{"href":"https:\/\/www.slanskevrchy.com\/en\/wp-json\/wp\/v2\/poi"}],"about":[{"href":"https:\/\/www.slanskevrchy.com\/en\/wp-json\/wp\/v2\/types\/poi"}],"wp:featuredmedia":[{"embeddable":true,"href":"https:\/\/www.slanskevrchy.com\/en\/wp-json\/wp\/v2\/media\/506"}],"wp:attachment":[{"href":"https:\/\/www.slanskevrchy.com\/en\/wp-json\/wp\/v2\/media?parent=505"}],"wp:term":[{"taxonomy":"kategoria-poi","embeddable":true,"href":"https:\/\/www.slanskevrchy.com\/en\/wp-json\/wp\/v2\/kategoria-poi?post=505"},{"taxonomy":"lokalita","embeddable":true,"href":"https:\/\/www.slanskevrchy.com\/en\/wp-json\/wp\/v2\/lokalita?post=505"},{"taxonomy":"sezona-poi","embeddable":true,"href":"https:\/\/www.slanskevrchy.com\/en\/wp-json\/wp\/v2\/sezona-poi?post=505"}],"curies":[{"name":"wp","href":"https:\/\/api.w.org\/{rel}","templated":true}]}}

Šóšovský Manor House

<p>The salt spring in what is now Solivar was already in use as early as 1223 and, owing to its value, constituted a significant asset. In 1288, King Ladislaus IV of Hungary bestowed it upon the nobleman Juraj, whose descendants began to use the name&nbsp;<strong>The Šóšov family</strong>.</p>



<p>Their estates stretched from Torysa through&nbsp;<a href="https://www.slanskevrchy.com/en/">Slanské vrchy</a>&nbsp;as far as the River Topľa. In 1346, a court confirmed their claim to part of the territory of today’s&nbsp;<a href="https://www.regionsaris.sk/lokalita/hanusovce-nad-toplou-a-okolie/">Hanušovce nad Topľou</a>, which had already been granted town status in 1332.</p>



<p><strong>The small manor house in Hanušovce nad Topľou</strong>&nbsp;It had been the property and ancestral seat of the Šóšovci family of Soľnobanská for at least since 1564; after 1592, it became the family’s sole ancestral seat following the destruction of the castle above Soľná Baňa.</p>



<h2 class="wp-block-heading">The appearance of the manor house</h2>



<p>It was built as a two-storey block structure exhibiting all the architectural features of the period (layout, stonework and sgraffito decoration) typical of a stately aristocratic residence intended as a home for the landowner and his family. At the time of its construction, the manor house was finished with smooth lime plaster featuring typical corner leaf sgraffito.&nbsp;</p>



<p>Moulded stone jambs were fitted into the window openings, and in the main entrance there is a stone portal in the lintel bearing the inscription:&nbsp;<strong>STEPHANUS School Association, Year 1564</strong>. The stone sections were later removed and reused as building material. Following the outbreak of the anti-Habsburg uprisings in Hungary in the early 17th century, a circular tower was added to the southern corner of the manor house to enhance its defences. The construction of the tower transformed the manor house into a residential and defensive residence. Over the course of the 17th century, its residential function came to take precedence over its fortification function. The embrasures, as a defensive feature, have not been preserved. Later, alterations were made to the window openings and the stucco decoration of the vaults. The stucco decoration of the vaults has been preserved in its entirety on the first floor.</p>



<p>The manor house took on its final Renaissance appearance at the end of the 17th century. In the period that followed, the Dežöfi family, amongst others, emerged as the owners of the estates in Hanušovce nad Topľou; they built a house on a hill not far from the Small Manor House&nbsp;<a href="https://www.regionsaris.sk/historia/kastiel-hanusovce-nad-toplou/">a new Baroque manor house</a>&nbsp;with Renaissance features. It is said that the farm building next to the Small Manor House was used as the caretaker’s flat for the new manor house.&nbsp;</p>



<p>Given that the new landowners of Hanušovce nad Topľou lived in a new, much more stately manor house, and that the building adjoining the Small Manor House had been converted into the steward’s residence, it can be assumed that the so-called ‘Small Manor House’ was also intended at that time for more minor, perhaps farm-related, or possibly residential purposes, though clearly not for the accommodation of members of the landowning family.</p>



<p>Until 1711 – the year of the death of a nobleman named „Joan de Soóso“ – the manor house probably also housed the Šóšov family archives. The aforementioned Joan, known as Ján in Slovak, has been buried since 1711 beneath the floor of what is now the Roman Catholic church in Hanušovce nad Topľou, approximately 50 metres from his manor house. This is indicated by a Latin inscription carved into a stone slab.</p>



<p>Today, Šóšovsky Manor (the Small Manor) is used for cultural and social activities, as a library and gallery, and as a small concert hall.</p>



<p>Šóšovský Manor House is part of&nbsp;<a href="https://www.sarisskahradnacesta.sk/">The Castle Roads of Šariš</a></p>



<p>Source: The Town of Hanušovce nad Topľou<br>Photo source:OOCR RŠ</p>
